 -c(m) - 5*d(m). What is t(l)?
-4
Let k(f) = 3*f + 10. Let i(n) = -n + 4. Let v be i(8). Give k(v).
-2
Let j(c) = -c**3 + 9*c**2 + 11*c - 13. Let k be j(10). Let v(q) = -4*q + 3. What is v(k)?
15
Let v(d) = -3*d**2 - d + 2. Let x be v(4). Let m = -51 - x. Let l(u) = 23*u**3 - u. Determine l(m).
-22
Let k(f) = 11*f**3 + f**2 + f. Let j(d) = -d**3 + 7*d + 7 - 8*d**2 + 0*d - 6*d. Let q be j(-8). Determine k(q).
-11
Let n(m) = 0*m + 2*m + 12 - 2 - m. Suppose t + 32 = 3*t. Let w = 16 - t. Determine n(w).
10
Let g be (-22)/(-6) - (12/18 - 1). Let a = -2 - -4. Let y(n) = a - g - 3 + 4 - n. Give y(-4).
3
Let c(q) be the third derivative of -29*q**4/24 - q**3/6 + q**2 - 1. What is c(-1)?
28
Let s(v) = -2*v - 3. Let a be s(-4). Let t(o) = o + 7. Let h(z) = -3*z - 15. Let y(b) = -b - 15. Let f be y(-10). Let j(w) = f*t(w) - 2*h(w). Calculate j(a).
0
Suppose v = 3*m + 3*v + 9, 4*m + v = -17. Let t(i) = i**2 + 7*i + 4. Determine t(m).
-6
Let s(x) = -x**2 + 0*x**2 + x**2 - 4 + x**2 - 187*x + 188*x. Determine s(-4).
8
Let m(u) be the second derivative of 0 - 2*u + 0*u**2 - 1/3*u**3. Determine m(4).
-8
Let n(f) = f**3 - 26*f**2 + 21*f + 101. Let i be n(25). Let z(o) = 20*o - 2. Give z(i).
18
Let l(x) = -x + 5. Let j = -1 - 3. Let r be 4 - (j - (-4)/(-1)). Let z be l(r). Let d(h) = -h**2 - 7*h + 2. Determine d(z).
2
Let x(j) = 20*j**3 - j**2 + j - 1. Suppose 0 = 3*z + 4*h + 17, -3*h - 6 = -3*z + 12. What is x(z)?
19
Let u(d) = -6*d + 3 - 7 - 2 + 11 + 3*d. Suppose 2*g + 2*g = 16. Determine u(g).
-7
Suppose 15*a = 20*a + 95. Let t = a - -23. Let d(r) = 5*r**3 + 59 - t*r**3 - 66. What is d(0)?
-7
Let p(i) be the first derivative of -i**4/12 - i**3/2 - i**2 + i + 6. Let y(l) be the first derivative of p(l). Let f(r) = -4*r**2. Let z be f(1). What is y(z)?
-6
Let y = -22 + 37. Suppose -y*p - 54 = -6*p. Let z(u) = u**2 + 5*u - 4. Calculate z(p).
2
Let y(v) = -v**2 + 16*v - 16. Let f be y(15). Let x be (-10 - 3/f) + 0. Let s(a) = a**3 + 8*a**2 + 8*a + 8. Give s(x).
1
Suppose -p = x + 2*p + 8, 0 = -2*x - 2*p. Let s(m) = -m**3 + 7*m**2 - 3*m - 1. Give s(x).
35
Let b(t) = -2*t + 0*t + 1 + 4. Suppose -o = 4*p + 14, -29*o + 34*o = -4*p + 10. Give b(o).
-7
Let g(k) = k + 3. Suppose -106 = 3*s - 97. What is g(s)?
0
Suppose -2*x - 4*c = -18, -2*c - 6 + 18 = 2*x. Suppose -2*b + b - 4*v + x = 0, -b - 7 = -v. Let i(y) = -y**2 - 5*y - 2. Give i(b).
-2
Let f(l) = l**2 - 11*l + 13. Suppose 10 = 2*u, y - 3*u - 3 = -y. Give f(y).
-5
Suppose -2*y - 12 = 3*t, -2*t = -y - 3*y + 24. Let s(k) be the third derivative of 1/60*k**5 + 1/6*k**3 + 7/24*k**4 - 13*k**2 + 0 + 0*k. Determine s(t).
-5
Let v = 45 - 44. Let b(t) = -9*t + 4. Let p be b(v). Let d(s) = 4*s**2 + 5*s - 1. Let w(u) = -9*u**2 - 10*u + 1. Let q(y) = -7*d(y) - 3*w(y). Calculate q(p).
4
Let l(o) be the first derivative of o**3/3 - 11*o**2/2 - 11*o - 80. Give l(11).
-11
Suppose -5 + 1 = -4*a. Let n(f) = 4*f**3 - 2*f**2 + 6*f. Let z(j) = -j**3 - j**2 - j. Let y(u) = a*n(u) + 3*z(u). What is y(4)?
-4
Suppose l = 5*u - 12, 0 = -6*l + 2*l - u + 15. Suppose -l*t + 3*j - 26 = -2*j, 5*t = -4*j - 31. Let z(v) = -v**3 - 6*v**2 + 6*v - 9. Determine z(t).
-2
Let n(j) = j**2 - 5*j + 2. Let r(t) = 3*t**3 - 2*t**2 - t - 2. Suppose 0 = x + 4*x - 10. Let h be r(x). Suppose -5*p = -2*k - 21, -2*k - 2*k - h = 0. Give n(p).
-4
Let z(h) = -5*h**2 + 2*h - 2. Let l be 3*(1 - 0)*(-40)/40. What is z(l)?
-53
Let i(k) = k + 22. Let q be i(-27). Let j(l) = 3*l**2 + 16*l + 2. Calculate j(q).
-3
Let z(t) = -5*t + 5. Let a(f) = -5*f + 4. Let h be (-5 - (-7 - 0))*(-7)/(-2). Let u = -22 + 16. Let w(k) = h*a(k) + u*z(k). Calculate w(-3).
13
Let f = -106 - -107. Let x(d) = 799*d + 2 - 801*d + f. Give x(-5).
13
Let t(j) = -9*j**2 + 6*j - 8. Let i = -19 - -24. Let d(l) = 14*l**2 - 9*l + 12. Let k(b) = i*d(b) + 8*t(b). Calculate k(3).
-13
Let d(q) be the second derivative of q**4/12 + q**2/2 - q - 23. Calculate d(1).
2
Let d(o) be the second derivative of -1/2*o**2 + 0 - 1/12*o**4 + o - 1/3*o**3. Let f(p) = 4*p**2 + 6*p + 4. Let k(x) = 7*d(x) + 2*f(x). Give k(4).
9
Let t(q) be the third derivative of q**5/60 - q**4/4 - 4*q**3/3 + q**2 + 19. Calculate t(7).
-1
Let g = -13 + 11. Let f(c) be the second derivative of -2*c + 1/12*c**4 + 0 + c**2 + 2/3*c**3. Determine f(g).
-2
Let w(y) be the first derivative of y**2/2 - 4*y - 6. What is w(6)?
2
Let u = 176 - 175. Let g(q) = 16*q**2 - 1. Give g(u).
15
Let i(t) = -3*t + 2. Suppose 3*x - j = -0 - 8, x + 5*j - 24 = 0. Determine i(x).
5
Suppose 66*h = 8*h + 58. Let s(a) = -56*a**3 + 1. Calculate s(h).
-55
Let d(v) = v**3 + 3*v**2. Suppose -11*c = 37 - 15. Determine d(c).
4
Let l(t) = 6*t - 15. Let q be l(3). Let p(w) be the third derivative of 0 + 0*w + 0*w**q - 7/24*w**4 - 4*w**2. Give p(-2).
14
Suppose -12 = 2*s + 2*s. Let f(h) = -h - 2. Let g(n) = n + 2. Let o(t) = 6*f(t) + 4*g(t). Calculate o(s).
2
Let x(z) be the second derivative of 5*z - 1/3*z**4 + 0 + 0*z**2 + 1/20*z**5 - 7/6*z**3. Give x(5).
-10
Let a(u) = 4*u**3 - 7*u - 29. Let d(y) = -7*y**3 + 12*y + 60. Let o(n) = -5*a(n) - 3*d(n). Calculate o(0).
-35
Suppose 0 = 41*q - 23174 + 23420. Let a(x) = -x**2 - 10*x - 8. Let s(j) = -3*j**2 - 29*j - 23. Let p(g) = -17*a(g) + 6*s(g). Calculate p(q).
-14
Let y(h) = h**3 + 3*h**2 - 4*h - 6. Suppose 66 = 2*d + z - 0*z, 3*z + 176 = 5*d. Suppose 10*v + d = -6. Determine y(v).
-6
Let b(t) = -2*t**3 - t**2 + 1. Let w(m) = m**3 + 10*m**2 + m - 73. Let q be w(-9). Determine b(q).
2
Let d = -71 - -94. Suppose 14*u - 9 = -d. Let y(n) = n + 1. Let m(i) = i + 1. Let w(c) = -4*m(c) + 3*y(c). What is w(u)?
0
Let f(h) = -h + 14. Let v(m) = -10*m**3 + m**2 - 2*m - 1. Let k(c) = -30*c**3 + 4*c**2 - 7*c - 3. Let i(y) = -2*k(y) + 7*v(y). Let r be i(-1). Calculate f(r).
6
Let w = 7 - 11. Let l(d) = 6266*d + 6 - 2 - 6270*d - d**2. Calculate l(w).
4
Let a(k) be the second derivative of k**6/360 + k**5/60 - k**4/8 + 17*k**3/6 + 15*k. Let z(l) be the second derivative of a(l). Determine z(4).
21
Suppose -2*i + 61 = -8*u + 7*u, -56 = -2*i - 4*u. Let j be 15/6*-1*(-48)/i. Let d(f) = -1 + 0*f**2 + 6*f + 0*f - f**2. What is d(j)?
7
Let m(c) = 9*c**3 + 2*c**2 - 1. Suppose r = -2*s + 3*r + 8, -3*r + 4 = s. Suppose -1 = b + s. Let z(f) = -f**2 - 7*f - 11. Let n be z(b). Determine m(n).
-8
Let t be 216/81*((-2)/2 - 29). Let y be t/(-50) - (-4)/10. Let u(f) = f - 1. Determine u(y).
1
Let o(k) = 3*k + 60. Let s(f) = 3. Let c(y) = o(y) - 18*s(y). What is c(-6)?
-12
Let u(a) = 4*a**3 + 13*a**2 + 3. Let f(s) = s**3 + 2*s**2 - s + 2. Let g(n) = -3*f(n) + u(n). Determine g(-6).
15
Let t be (-33)/9 + (1 - 5/15). Let z(n) = 11*n**2 + 5*n - 20. Let p(v) = -4*v**2 - 2*v + 7. Let i(c) = -8*p(c) - 3*z(c). Give i(t).
-8
Let o(h) be the second derivative of -h**3/3 + 3*h**2/2 + h + 17. Determine o(-7).
17
Let o(h) = 39*h - h**2 + 42*h - 8 - 75*h. What is o(5)?
-3
Let z(k) = -20*k**3 - 12*k**2 - 26*k - 32. Let b(d) = 7*d**3 + 4*d**2 + 9*d + 11. Let j(s) = 17*b(s) + 6*z(s). Let r(m) = 3*m + 8. Let h be r(-4). Give j(h).
7
Let g(v) = -7*v + 5. Let p be 30/5*18/54. Determine g(p).
-9
Let c(u) be the first derivative of 3*u**2/2 + 5*u + 35. What is c(-3)?
-4
Let k(f) = -2*f. Let s be 0*((-4)/(-8) + 0). Suppose -5*g - 5*v + 25 = s, -2*g - 1 = -3*v - 6. Suppose g + 4 = -4*a. Determine k(a).
4
Let c(l) = l**3 - 19*l**2 + l + 2. Let m(x) = x**3 - 22*x**2 + x + 3. Let i(k) = 7*c(k) - 6*m(k). Give i(0).
-4
Suppose 2*g = 3*g + 2. Let z be (-3)/g + 34/4. Suppose -3*p - z = -p. Let f(d) = -d**2 - 5*d + 2. Determine f(p).
2
Let h(r) = -12 + 19 + 19*r**2 - 7. Determine h(-1).
19
Let f(v) = -v + 5. Let t(h) = 2*h**3 + 7*h**2 + 3*h + 2. Let p be t(-3). Suppose -2*w - 3*w = -p*w. What is f(w)?
5
Let a = 2 + 0. Suppose u = 3*h - 8, 2*u + a*h = -2*u + 24. Let v(z) be the second derivative of -z**5/20 + z**4/4 + z**3/2 + z**2 - 28*z. Calculate v(u).
-2
Let o(g) be the third derivative of -g**4/8 + g**3/6 + 77*g**2. Let i = 19 + -10. Let p be 3*((-12)/i + 2). Determine o(p).
-5
Let r(s) be the second derivative of -s**4/12 - 2*s**3/3 + s**2/2 - s. Let q = -68 + 71. Suppose 0 = -q*i - 3*i - 18. What is r(i)?
4
Let x be (-44 - 11)/(-11) + -9. Suppose -6*w + 12 = -2*w. Let j(o) = 0 + 2*o**w + 5*o**2 - o**3 + 6*o + 4. Give j(x).
-4
Let g be (3/(-3))/((-1)/(-1))*0. Let m(b) = b - 16. What is